n factor of 2 and y?
2
Let l(g) = -46*g**3 - 1. Let z be l(-1). Suppose 5*s = 38 + 37. Calculate the greatest common divisor of z and s.
15
Let y = -8 - -13. Let n be 30/((-5)/((-30)/9)). Calculate the greatest common divisor of n and y.
5
Let h = -9 + 37. Suppose 0*j + h = 4*j. What is the greatest common divisor of 7 and j?
7
Let g = 1 - 3. Let i be g/1*(-1)/(-1). Let s(t) = 5*t**2 + 1. Let l be s(i). What is the greatest common factor of l and 189?
21
Suppose j + 0*j = 0. Let a be (-3)/3*-35 + j. Calculate the greatest common factor of a and 5.
5
Let k(p) = p**3 - 3*p**2 + p - 3. Let w be k(4). Calculate the greatest common divisor of w and 187.
17
Let n = 99 + -90. What is the highest common divisor of n and 144?
9
Let x be (4 - 1)*7/3. Suppose -5*h + a + 314 = 0, -5*h + 442 - 123 = 4*a. Calculate the highest common factor of h and x.
7
Let u = 186 + -54. Calculate the greatest common factor of u and 12.
12
Suppose 0*y = -3*y. Suppose 5*l = l, 5*z - 2*l = y. Suppose z*q = -q + 8. Calculate the greatest common factor of q and 16.
8
Suppose m + 8 + 16 = 3*g, 6 = -g + 5*m. Let k be 4/((g/(-6))/(-3)). Calculate the highest common divisor of 56 and k.
8
Let j = -22 - -31. Let a = -3 + j. What is the highest common divisor of a and 9?
3
Suppose 5*p = 86 + 364. What is the highest common divisor of 60 and p?
30
Let m be 2/(-7) + 80/(-14). Let j(f) = -f**2 - 8*f - 8. Let y be j(m). What is the highest common divisor of y and 12?
4
Let l = 31 + 49. Calculate the highest common divisor of 32 and l.
16
Let k = 12 + 14. What is the highest common divisor of k and 13?
13
Let s(c) = c + 10. Let h be s(7). Suppose 4*f - h = 31. Suppose -5*a + f = -3*a. What is the greatest common factor of 30 and a?
6
Suppose 0 = 2*d - 228 + 132. What is the greatest common factor of 72 and d?
24
Suppose 4*l = l + 90. Let s(k) be the first derivative of 5*k**2 + 5*k + 1. Let x be s(4). What is the greatest common divisor of x and l?
15
Let k be ((-38)/3)/(3/(-9)). Suppose -5*q - 3 + k = 4*l, -2*q = 5*l - 48. Calculate the highest common factor of 15 and l.
5
Let c = -109 - -277. Let v = -69 + c. Calculate the highest common factor of 9 and v.
9
Suppose 2*u = -2*u, 515 = 5*w - u. Let l = w + -207. Let n = l - -202. Calculate the greatest common factor of n and 14.
14
Suppose 5*x - 5*d - 30 = 0, x - 4*x + 14 = -4*d. Calculate the greatest common factor of x and 10.
10
Let s = 12 - 8. Suppose 860 = 5*p + s*l, 4*p - 870 = -p - 2*l. What is the greatest common divisor of 16 and p?
16
Suppose 4*n + 10 = 3*n. Let v = n - -5. Let q = v - -13. Calculate the greatest common factor of 8 and q.
8
Let z(j) = -j**3 - 8*j**2 + 9*j - 4. Let b be z(-9). Let q(t) = 2*t**2 - t + 2. Let r be q(b). Calculate the greatest common factor of 19 and r.
19
Let a = -34 - -51. Let v = -331 - -484. Suppose 0*f - v = -f. Calculate the greatest common divisor of f and a.
17
Let a be ((-4)/(-6))/(2/6). Suppose 4*n = 5*y + 54, 2*n - 6*n - 2*y = -68. Suppose 3*p = -p + n. Calculate the greatest common factor of p and a.
2
Let u be 21/2*(4 + 0). Calculate the highest common divisor of u and 28.
14
Let r(j) = j**2 + 8*j + 17. Let t be r(-7). Calculate the greatest common factor of 2 and t.
2
Suppose 153 = 3*v - 3*c, -3*v + 2*c + 3*c + 143 = 0. Suppose -4*n + 6*n = 48. Let w = v - n. What is the greatest common divisor of 8 and w?
8
Let i(x) = 3*x + 52. Let w be i(12). Calculate the highest common divisor of w and 8.
8
Suppose -19*z = -17*z - 18. What is the highest common factor of z and 72?
9
Let l be (1 - 1) + 0 + 2. Suppose 3*w - l*t = 4*w + 12, 4*w - 3*t = 7. Let u be 19 + ((-4)/(-2))/w. Calculate the greatest common factor of 12 and u.
6
Let r = -5 - -8. Suppose 0 = r*t + 5*k - k - 215, -t + 80 = 3*k. Let v be (-2)/(-6)*208/8*3. What is the greatest common factor of t and v?
13
Let t = -15 + 17. Suppose -4*p + 0*r + 2*r = -96, 4 = -t*r. Calculate the greatest common factor of p and 23.
23
Let f = 55 + 41. Let j = 9 + -16. Let x be (-14)/(-2)*(-12)/j. Calculate the highest common divisor of x and f.
12
Suppose 5*j + 3*g - 4*g - 226 = 0, j - g = 46. What is the highest common divisor of 5 and j?
5
Let d = 94 - 70. Calculate the highest common divisor of 12 and d.
12
Let p = -1 + 13. Suppose 0 = -t + 5*j + 43, -2*j = -2*t - 3*t + 238. What is the highest common factor of t and p?
12
Suppose 3*i - 4*i + 5 = 0. Suppose 0 = -i*t, 3*c + 4*t = c + 114. Suppose -4*x - c + 157 = 0. What is the highest common divisor of 10 and x?
5
Suppose -a + 0*a = 8. Let p = 22 + a. What is the greatest common divisor of 28 and p?
14
Suppose -5*x = 5*c + 5, 3*x + 3*c = 2*x + 1. Let g be 0*(-1)/x - -49. Calculate the highest common factor of 7 and g.
7
Let d(o) = -33*o - 6. Let f be d(-2). Suppose -3*w + 8*w - f = 0. What is the greatest common factor of 108 and w?
12
Let q be (-1)/(-2) - (-87)/6. What is the greatest common factor of 165 and q?
15
Suppose 3*l - 341 = -3*g + l, 2*l = -2*g + 230. Let b be (-6)/(-4)*(-2)/(-3). Let w be g + b + (2 - 4). What is the highest common divisor of w and 11?
11
Let j(z) = -2*z + 5 - z - 2. Let f be j(-4). Let o = 15 + -10. Calculate the highest common factor of o and f.
5
Suppose -3*u + 791 = 8*o - 4*o, 415 = 2*o - 5*u. What is the highest common divisor of o and 80?
40
Let h(d) = 2*d**2 - 13*d - 3. Let p = 21 - 10. Let q be h(p). What is the greatest common divisor of q and 32?
32
Let p(t) = 2*t - 5. Let x be p(5). Suppose 0 = 3*c + 2*c - x. Calculate the highest common divisor of c and 1.
1
Let w(g) = 5*g**2 - 9*g - 8. Let j be w(5). Calculate the highest common factor of j and 48.
24
Suppose -5*t = -2*w - 37 - 74, -2*w = -2*t + 102. Let p = w - -85. Let r = p - 21. Calculate the highest common divisor of r and 2.
2
Let d = -10 + 33. Let o = d - 12. Calculate the greatest common divisor of o and 44.
11
Let v be (25/(-5) - -6) + 29. Suppose 0 = -5*q - 4*s + 70 - 2, -26 = -2*q - s. What is the greatest common factor of q and v?
6
Suppose 4 = 27*n - 25*n. Suppose 0 = -2*k - 10, 12 = -o - n*k + 53. What is the highest common factor of 17 and o?
17
Let k = 58 - 49. What is the highest common factor of k and 9?
9
Suppose -4*r = -238 - 50. Let y = -14 + 22. What is the greatest common divisor of r and y?
8
Let w = -55 - -84. Calculate the highest common factor of w and 290.
29
Let b be (0 - -5)*(-3)/5. Let m(l) = l**3 + 6*l**2 + 5*l + 4. Let a be m(b). Calculate the highest common divisor of a and 24.
8
Let c(r) = 4*r**2 - 5*r - 3. Let z be c(-4). Suppose 0 = t + 5*f - 64, -4*f = 5*t - 3*f - 272. What is the highest common divisor of z and t?
27
Suppose q - 47 = 9. Calculate the highest common divisor of 14 and q.
14
Let y be (12 + -21)*(-1 - 0). Calculate the greatest common divisor of 99 and y.
9
Let n(j) = -j**2 - 8*j - 2. Let i be n(-5). Suppose 0 = l - 137 + 20. What is the highest common factor of l and i?
13
Let a(i) = 46*i - 1. Let w be a(1). Suppose -5*o = 1 - 151. What is the highest common divisor of w and o?
15
Suppose 5*o - o - 28 = 0. Suppose o*p = 2*p + 150. Calculate the highest common factor of 45 and p.
15
Suppose 2*c + 2 = -0. Let b(f) = 4*f**2 + f + 1. Let x be b(c). What is the highest common factor of 36 and x?
4
Let a(l) = -l**3 + 5*l**2 - 3*l + 4. Let i be a(3). Let q be ((-156)/9)/(-1)*6. Calculate the highest common divisor of i and q.
13
Let r(t) = t**2 + 4*t + 5. Let u be r(-4). Let w = 8 - u. Suppose 0*k - w*k + 135 = 0. Calculate the highest common divisor of k and 30.
15
Let o = -17 + 60. What is the greatest common divisor of 86 and o?
43
Let q be 2/3*72/4. Suppose q = -4*o, -2*o + 45 - 451 = -5*z. What is the greatest common divisor of 16 and z?
16
Let c = 55 + 5. Suppose -v = -0*v - 1, -2*r + 5*v + 25 = 0. What is the greatest common divisor of r and c?
15
Let u be 12/(-48) - 101*5/(-4). What is the highest common factor of u and 14?
14
Let a(t) = t**2 - 8*t - 4. Let r be a(-6). Let u(g) = -g**3 + 7*g**2 + 4. Let l be u(6). Suppose -9*w + 13*w = l. What is the highest common divisor of r and w?
10
Let h = -68 + 158. What is the greatest common factor of 18 and h?
18
Let p(h) = h**3 - h**2 - 4. Let y be p(3). What is the highest common factor of y and 7?
7
Let j = -17 - -43. Let o be (-2534)/(-91) + 4/j. What is the greatest common factor of 42 and o?
14
S